when 127 is divided by f?
13
Let w(n) = 4*n - 2. Let l be w(2). Suppose b - 3 - l = 0. Let u = 85 - 69. Calculate the remainder when u is divided by b.
7
Let c(l) = -l**3 - 12*l**2 + 32*l + 75. What is the remainder when 892 is divided by c(-14)?
18
Calculate the remainder when 55 is divided by (1/(-2))/(100/(-9800)).
6
Let l(b) = 4*b**3 - 21*b**2 + 22*b. Calculate the remainder when l(7) is divided by 72.
65
Suppose -3*s + 97 = 3*i - 86, -5*s + 4*i + 269 = 0. What is the remainder when 222 is divided by s?
51
Let d(k) = 13*k + 5. Let m(y) = y**2 + 6*y - 22. Let q be 3/5 + 159/(-15). What is the remainder when d(5) is divided by m(q)?
16
Suppose 15*t - 14*t - 201 = 0. Let y = t - 118. Calculate the remainder when y is divided by 17.
15
Let g(b) = -b**2 - 19*b + 15. What is the remainder when 164 is divided by g(-18)?
32
Let p = -1699 - -2201. Calculate the remainder when p is divided by 14.
12
Suppose 8*v + 21 = v. Calculate the remainder when 78 is divided by v - 23*(-4 + (3 - 0)).
18
Suppose -42*x = -3*n - 43*x + 37, n - 4 = -2*x. Calculate the remainder when 388 is divided by n.
10
Suppose z + 3*z - v - 16 = 0, 5*z = -v + 11. What is the remainder when 56 is divided by z?
2
Suppose -2 = a + 2*r, -4*a - 2*r = -0*r + 2. Suppose -d + 0*d = a. Suppose 0 = -d*l - l + 38. Calculate the remainder when l is divided by 10.
8
Let g(b) = 2*b**3 - 9*b**2 + 5*b - 26. Calculate the remainder when g(7) is divided by 37.
32
Let u(a) = -9*a - 13*a + 5 - 2 + 8*a. Calculate the remainder when 45 is divided by u(-1).
11
Let x = -487 - -738. What is the remainder when x is divided by 62?
3
Let o be 1842/16 - -2*(-2)/32. Let c = -77 + o. What is the remainder when c is divided by 11?
5
Let m = -206 - -373. Suppose 15*f - 902 = -m. What is the remainder when f is divided by 14?
7
Suppose 5*p - 13 = -5*l + 72, -4*l + 4*p + 36 = 0. What is the remainder when 33 is divided by l?
7
Suppose 2*l = 4*t + 216 - 1188, 3*l = -5*t + 1237. What is the remainder when t is divided by 122?
1
Calculate the remainder when (1/(-6))/((-46)/143244) is divided by 26.
25
Suppose 2*w + w = 24. Suppose 2*c - 26 = -r, 0*r - c = r - 28. Calculate the remainder when r is divided by w.
6
Suppose -30 = -5*t + 3*t. What is the remainder when 102 is divided by t?
12
Suppose 14*h - 40 = 6*h. Let t = -2 - -2. Suppose t = -h*c + 10*c - 10. What is the remainder when 7 is divided by c?
1
Suppose -36 = -14*k + 48. Let w = 117 + -54. Calculate the remainder when w is divided by k.
3
Let j(u) = -3*u + 9. Suppose 0*x - x = -11. Suppose 0 = -2*i + 7 + x. What is the remainder when j(-8) is divided by i?
6
Suppose -8*l - 8 = -10*l. Let b = 86 + -50. What is the remainder when b is divided by ((-2)/5)/(l/(-190))?
17
Let t be (-1)/4 + 551/(-4). Let h be (4/(-3))/((-1328)/666 + 2). Let a = t - h. Calculate the remainder when a is divided by 43.
41
Suppose 0 = -7*y + 52 - 17. Let l = -154 + 346. Suppose y*c - l = 53. What is the remainder when c is divided by 13?
10
Let q(s) = s**2 - 21*s - 63. Let u = -31 + 65. What is the remainder when q(27) is divided by u?
31
Suppose -17 = 4*c - 25. Suppose -3*k - 99 = -f - 2*f, -c*f + 76 = -4*k. What is the remainder when 81 is divided by f?
25
Let t be (-50)/((-1)/10*-5). Let l = 126 + t. What is the remainder when 205 is divided by l?
23
Let z = 14 - -30. Suppose d - z = 9. Let v = d + -30. What is the remainder when 43 is divided by v?
20
Suppose 65*q - 32150 = 15*q. What is the remainder when q is divided by 92?
91
Let r be (4/(-3))/(3*4/36). Calculate the remainder when r*(-2 - (-27)/(-4)) is divided by 19.
16
Let p(f) = f + 9. Let b be p(-7). Suppose 6 = l + b. Suppose 2*n + 48 = 2*y - 0*n, -4*y = l*n - 56. Calculate the remainder when 55 is divided by y.
17
Let a = 80 - 53. Let u(h) = 32*h - 1331. Calculate the remainder when u(44) is divided by a.
23
Suppose g - 15 = 1. Let u = g - 9. What is the remainder when 11 is divided by ((-2)/u)/(4/(-56))?
3
Suppose -2*i + 10 = 4*b - 14, -5*i - 2*b + 28 = 0. What is the remainder when i is divided by 2?
0
Suppose -42 - 51 = 3*p. Let w = p - -52. Let v(q) = q**2 + 2. Calculate the remainder when w is divided by v(2).
3
Suppose -r - 100 = -2*u + 4*u, -5*r = 5*u + 260. Let p = 80 + u. Calculate the remainder when p is divided by 7.
4
Suppose 5*f + 113 - 428 = 0. What is the remainder when 123 is divided by f?
60
Suppose 4*q - 480 = -5*m, -5*q + 0*q = 2*m - 617. Suppose 3*z = q - 47. Calculate the remainder when z is divided by 6.
2
Let m = 44 - -57. Let i = 2203 + -2169. What is the remainder when m is divided by i?
33
Suppose -5*m = -4*y + 66 + 128, 4*m = 5*y - 247. What is the remainder when 147 is divided by y?
45
Let x(w) = 2*w**2 - w - 1. Calculate the remainder when x(7) is divided by 33.
24
Suppose 2*k + 3*k = -5*v + 685, v - k = 127. Let p = v + -82. Calculate the remainder when p is divided by 18.
14
Suppose 5*d + 116 = 3*b, 3*b + 164 - 60 = -5*d. Let l = -50 - d. Let m = -15 - l. What is the remainder when 51 is divided by m?
12
Let z = 109 + -101. Suppose 0 = -u + z - 3. Calculate the remainder when 26 is divided by u.
1
Suppose -177 + 457 = 4*u. Calculate the remainder when 66 is divided by 6/9 + u*(-1)/(-3).
18
Suppose 5*z - m - 230 = 0, 4*z - 4*m = 259 - 75. Let v be 26/(-65) + 24/10. Suppose 12 = v*s - s. Calculate the remainder when z is divided by s.
10
Suppose 0 = -0*v + v - 37. What is the remainder when -3 + (v - (-2 + 5)) is divided by (-8)/14 - (-729)/63?
9
Suppose u - 77 + 38 = 0. Calculate the remainder when 70 is divided by u.
31
Let f = -5 + 24. Suppose 5*s - 5*o - 141 = -26, 5*s + 3*o = 123. Calculate the remainder when f is divided by 1/(s/22 + -1).
8
Suppose -26*y + 4508 = -3*y. What is the remainder when y is divided by 52?
40
Suppose -48 = -5*f - 4*k, -f + 3*k + 21 = -0*k. Let m(x) = 9*x**3 + 2*x**2 - 5*x + 1. Calculate the remainder when m(2) is divided by f.
11
Suppose 0 = -4*n - 0*n + 156. What is the remainder when n is divided by 9 + (7 - 11) - (-5 + 3)?
4
Let b(d) = -d**3 + 4*d. Let p be b(-2). Suppose -v = -o - 0*o + 58, -4*o + 2*v + 238 = p. Calculate the remainder when o is divided by 21.
19
Let y(v) = -v**3 - 33*v**2 - 23*v + 333. Calculate the remainder when 68 is divided by y(-32).
23
Suppose -5*f - 67 = -227. What is the remainder when f is divided by 30?
2
Suppose 16 = 103*f - 102*f. Calculate the remainder when 79 is divided by f.
15
Let d(i) = i**2 + 4*i - 3. Suppose 3*v = 5*h + v - 27, 5*h - 21 = -4*v. Calculate the remainder when h is divided by d(-5).
1
Let p be (-718)/(-10) + (-5)/(-25). Suppose 4*i + 2*i = p. What is the remainder when 31 is divided by i?
7
Suppose 2 - 292 = l. Let c(s) = -s**3 + 3*s + 1. Calculate the remainder when l/(-5) - (-4)/(-1) is divided by c(-3).
16
Let u(w) = w**3 + 2*w**2 - 6*w - 5. Let q be u(-2). Suppose 0 = f + 2, 0 = 3*d - 2*f + q*f - 86. What is the remainder when d is divided by 13?
6
Let p be (-23 - -23) + (-2)/(4/(-10)). Suppose p*r - 93 + 3 = 0. Calculate the remainder when r is divided by 3.
0
Suppose -10*a + 334 = 134. What is the remainder when 537 is divided by a?
17
Suppose 6*k - 35 = k. What is the remainder when 12/(-1)*1/(-2)*2 is divided by k?
5
Let v(z) = z**3 - 19*z**2 + 50*z - 15. What is the remainder when 185 is divided by v(16)?
15
Let u(v) = -34*v - 261. Calculate the remainder when 74 is divided by u(-8).
8
Let c(j) = j**3 - 7*j**2 - 9*j + 5. Let o be c(8). Let n be ((-36)/3)/(o/14). Let h = n - 27. What is the remainder when h is divided by 10?
9
Let h(g) = 11*g + 3. Let f(o) = 3*o + 1. Let u(n) = 9*f(n) - 2*h(n). Calculate the remainder when u(6) is divided by 100/(1 - -4) - (-6)/(-3).
15
Let z = 195 - 151. Let w = 10 + z. What is the remainder when w is divided by 28?
26
What is the remainder when (-1)/8 - (-272583)/248 is divided by 100?
99
Let o(v) = 16*v - 19. Calculate the remainder when o(9) is divided by 16.
13
Suppose 40*a - 35*a - 40 = 0. Let h(c) = -c - 1. Let r be h(-4). Suppose 0 = -2*d + 1 + r. What is the remainder when a is divided by d?
0
Let m(j) = j**2 - 1. Let q be m(-1). What is the remainder when 30 is divided by -2 + q + 12 + -2?
6
Suppose -3*b - 5*r = 52, -4*b + r + 53 = 153. What is the remainder when (1 + -3)*(3 + b) is divided by 15?
12
Let s be ((-143)/(-52))/(((-3)/(-4))/3). Suppose